{"id":4297,"date":"2025-04-09T16:45:49","date_gmt":"2025-04-09T13:45:49","guid":{"rendered":"https:\/\/cndl.edu.lb\/?page_id=4297"},"modified":"2025-09-23T12:58:28","modified_gmt":"2025-09-23T09:58:28","slug":"cndl-choir","status":"publish","type":"page","link":"https:\/\/www.cndl.edu.lb\/fr\/cndl-choir\/","title":{"rendered":"Chorale du CNDL"},"content":{"rendered":"<div class=\"wpb-content-wrapper\"><div class=\"vc_row wpb_row vc_row-fluid\"><div class=\"wpb_column vc_column_container vc_col-sm-12\"><div class=\"vc_column-inner\"><div class=\"wpb_wrapper\"><div class=\"vc_empty_space\"   style=\"height: 30px\"><span class=\"vc_empty_space_inner\"><\/span><\/div><\/div><\/div><\/div><\/div><div class=\"vc_row wpb_row vc_row-fluid\"><div class=\"wpb_column vc_column_container vc_col-sm-12\"><div class=\"vc_column-inner\"><div class=\"wpb_wrapper\"><div class=\"vc_separator wpb_content_element vc_separator_align_center vc_sep_width_100 vc_sep_shadow vc_sep_pos_align_center wpb_content_element line-seperator-text vc_separator-has-text\" ><span class=\"vc_sep_holder vc_sep_holder_l\"><span style=\"color:#1A428A;\" class=\"vc_sep_line\"><\/span><\/span><h4>Chorale du CNDL<\/h4><span class=\"vc_sep_holder vc_sep_holder_r\"><span style=\"color:#1A428A;\" class=\"vc_sep_line\"><\/span><\/span>\n<\/div><div class=\"vc_empty_space\"   style=\"height: 25px\"><span class=\"vc_empty_space_inner\"><\/span><\/div><\/div><\/div><\/div><\/div><div class=\"vc_row wpb_row vc_row-fluid\"><div class=\"wpb_column vc_column_container vc_col-sm-12\"><div class=\"vc_column-inner\"><div class=\"wpb_wrapper\">\n\t<div class=\"wpb_text_column wpb_content_element\" >\n\t\t<div class=\"wpb_wrapper\">\n\t\t\t<p><span style=\"font-size: 18px; font-family: montserrat; color: #7d706d;\">\"La \"Chorale du Coll\u00e8ge Notre Dame de Louaiz\u00e9\" a \u00e9t\u00e9 r\u00e9tablie au cours de l'ann\u00e9e acad\u00e9mique 2023-2024 apr\u00e8s une pause de cinq ans due \u00e0 des circonstances impr\u00e9vues. La chorale compte actuellement 35 chanteurs et 8 musiciens, avec des membres allant de la 8\u00e8me \u00e0 la Terminale. De plus, nous sommes fiers de la participation d'un groupe d'anciens \u00e9l\u00e8ves de diff\u00e9rentes promotions, ce qui enrichit la diversit\u00e9 de la chorale\"<\/span><\/p>\n\n\t\t<\/div>\n\t<\/div>\n<\/div><\/div><\/div><\/div><div class=\"vc_row wpb_row vc_row-fluid\"><div class=\"wpb_column vc_column_container vc_col-sm-12\"><div class=\"vc_column-inner\"><div class=\"wpb_wrapper\"><div class=\"vc_empty_space\"   style=\"height: 30px\"><span class=\"vc_empty_space_inner\"><\/span><\/div><\/div><\/div><\/div><\/div><div class=\"vc_row wpb_row vc_row-fluid\"><div class=\"wpb_column vc_column_container vc_col-sm-6\"><div class=\"vc_column-inner\"><div class=\"wpb_wrapper\">\n\t<div class=\"wpb_text_column wpb_content_element\" >\n\t\t<div class=\"wpb_wrapper\">\n\t\t\t<p><span style=\"color: #1a428a;\"><strong><span style=\"font-size: 18px; font-family: 'montserrat';\">L'objectif principal de la chorale s'aligne sur la vision et la mission plus larges de notre \u00e9cole, qui se concentrent sur:<\/span><\/strong><\/span><\/p>\n<ul style=\"font-family: 'montserrat';\">\n<li><span style=\"font-size: 18px; color: #7d706d;\">Favoriser la discipline, le sentiment d'appartenance et l'engagement.<\/span><\/li>\n<li><span style=\"font-size: 18px; color: #7d706d;\">Promouvoir le d\u00e9veloppement culturel et intellectuel.<\/span><\/li>\n<li><span style=\"font-size: 18px; color: #7d706d;\">Encourager la cr\u00e9ativit\u00e9 et la collaboration par le travail d'\u00e9quipe.<\/span><\/li>\n<li><span style=\"font-size: 18px; color: #7d706d;\"><span style=\"font-size: 18px;\"><span style=\"font-size: 18px;\">Developing and showcasing gifted and talented students<\/span><\/span><\/span><\/li>\n<\/ul>\n<p><span style=\"font-size: 18px; font-family: montserrat; color: #7d706d;\">La chorale se r\u00e9unit pour des r\u00e9p\u00e9titions deux fois par semaine afin de travailler sur le d\u00e9veloppement des comp\u00e9tences musicales, l'harmonie de groupe et la pr\u00e9paration des performances.<\/span><\/p>\n<p><span style=\"font-size: 18px; font-family: montserrat; color: #7d706d;\">\u00c0 l\u2019occasion de sa premi\u00e8re grande prestation depuis sa r\u00e9formation, notre chorale a fi\u00e8rement particip\u00e9 au Concours des Chorales des \u00c9coles Catholiques, remportant le premier prix parmi 14 \u00e9coles en comp\u00e9tition. Cet exploit a \u00e9t\u00e9 d\u2019autant plus soulign\u00e9 par l\u2019attribution de deux distinctions sp\u00e9ciales : \u00ab Meilleure Chorale \u00bb et \u00ab Meilleur Chef de Ch\u0153ur \u00bb.<\/span><\/p>\n<p><span style=\"font-size: 18px; font-family: montserrat; color: #7d706d;\">La chorale du CNDL joue un r\u00f4le essentiel dans l'am\u00e9lioration de l'\u00e9ducation musicale et offre de pr\u00e9cieuses opportunit\u00e9s de croissance personnelle et d'enrichissement culturel.<\/span><\/p>\n\n\t\t<\/div>\n\t<\/div>\n<\/div><\/div><\/div><div class=\"wpb_column vc_column_container vc_col-sm-6\"><div class=\"vc_column-inner\"><div class=\"wpb_wrapper\">\n\t<div  class=\"wpb_single_image wpb_content_element vc_align_left wpb_content_element  image-borderRadius\">\n\t\t\n\t\t<figure class=\"wpb_wrapper vc_figure\">\n\t\t\t<div class=\"vc_single_image-wrapper   vc_box_border_grey\"><img decoding=\"async\" class=\"vc_single_image-img\" src=\"https:\/\/www.cndl.edu.lb\/wp-content\/uploads\/2025\/07\/CNDL-Choir-scaled-600x600.jpg\" width=\"600\" height=\"600\" alt=\"\" title=\"\" loading=\"lazy\" \/><\/div>\n\t\t<\/figure>\n\t<\/div>\n<\/div><\/div><\/div><\/div><div class=\"vc_row wpb_row vc_row-fluid\"><div class=\"wpb_column vc_column_container vc_col-sm-12\"><div class=\"vc_column-inner\"><div class=\"wpb_wrapper\"><div class=\"vc_empty_space\"   style=\"height: 30px\"><span class=\"vc_empty_space_inner\"><\/span><\/div><\/div><\/div><\/div><\/div><div class=\"vc_row wpb_row vc_row-fluid\"><div class=\"wpb_column vc_column_container vc_col-sm-12\"><div class=\"vc_column-inner\"><div class=\"wpb_wrapper\"><div class=\"vc_empty_space\"   style=\"height: 15px\"><span class=\"vc_empty_space_inner\"><\/span><\/div><\/div><\/div><\/div><\/div>\n<\/div>","protected":false},"excerpt":{"rendered":"CNDL Choir \u201cColl\u00e8ge Notre Dame de Louaiz\u00e9 Choir\u201d was re-established in the academic year 2023-2024 after a five-year pause due to unforeseen circumstances. The choir currently consists of 35 singers [...]","protected":false},"author":2,"featured_media":0,"parent":0,"menu_order":0,"comment_status":"closed","ping_status":"closed","template":"","meta":{"footnotes":""},"class_list":["post-4297","page","type-page","status-publish","hentry"],"_links":{"self":[{"href":"https:\/\/www.cndl.edu.lb\/fr\/wp-json\/wp\/v2\/pages\/4297","targetHints":{"allow":["GET"]}}],"collection":[{"href":"https:\/\/www.cndl.edu.lb\/fr\/wp-json\/wp\/v2\/pages"}],"about":[{"href":"https:\/\/www.cndl.edu.lb\/fr\/wp-json\/wp\/v2\/types\/page"}],"author":[{"embeddable":true,"href":"https:\/\/www.cndl.edu.lb\/fr\/wp-json\/wp\/v2\/users\/2"}],"replies":[{"embeddable":true,"href":"https:\/\/www.cndl.edu.lb\/fr\/wp-json\/wp\/v2\/comments?post=4297"}],"version-history":[{"count":12,"href":"https:\/\/www.cndl.edu.lb\/fr\/wp-json\/wp\/v2\/pages\/4297\/revisions"}],"predecessor-version":[{"id":6645,"href":"https:\/\/www.cndl.edu.lb\/fr\/wp-json\/wp\/v2\/pages\/4297\/revisions\/6645"}],"wp:attachment":[{"href":"https:\/\/www.cndl.edu.lb\/fr\/wp-json\/wp\/v2\/media?parent=4297"}],"curies":[{"name":"wp","href":"https:\/\/api.w.org\/{rel}","templated":true}]}}

<div class="wpb-content-wrapper"><div class="vc_row wpb_row vc_row-fluid"><div class="wpb_column vc_column_container vc_col-sm-12"><div class="vc_column-inner"><div class="wpb_wrapper"><div class="vc_empty_space"   style="height: 30px"><span class="vc_empty_space_inner"></span></div></div></div></div></div><div class="vc_row wpb_row vc_row-fluid"><div class="wpb_column vc_column_container vc_col-sm-12"><div class="vc_column-inner"><div class="wpb_wrapper"><div class="vc_separator wpb_content_element vc_separator_align_center vc_sep_width_100 vc_sep_shadow vc_sep_pos_align_center wpb_content_element line-seperator-text vc_separator-has-text" ><span class="vc_sep_holder vc_sep_holder_l"><span style="color:#1A428A;" class="vc_sep_line"></span></span><h4>Chorale du CNDL</h4><span class="vc_sep_holder vc_sep_holder_r"><span style="color:#1A428A;" class="vc_sep_line"></span></span>
</div><div class="vc_empty_space"   style="height: 25px"><span class="vc_empty_space_inner"></span></div></div></div></div></div><div class="vc_row wpb_row vc_row-fluid"><div class="wpb_column vc_column_container vc_col-sm-12"><div class="vc_column-inner"><div class="wpb_wrapper">
	<div class="wpb_text_column wpb_content_element" >
		<div class="wpb_wrapper">
			<p><span style="font-size: 18px; font-family: montserrat; color: #7d706d;">"La "Chorale du Collège Notre Dame de Louaizé" a été rétablie au cours de l'année académique 2023-2024 après une pause de cinq ans due à des circonstances imprévues. La chorale compte actuellement 35 chanteurs et 8 musiciens, avec des membres allant de la 8ème à la Terminale. De plus, nous sommes fiers de la participation d'un groupe d'anciens élèves de différentes promotions, ce qui enrichit la diversité de la chorale"</span></p>

		</div>
	</div>
</div></div></div></div><div class="vc_row wpb_row vc_row-fluid"><div class="wpb_column vc_column_container vc_col-sm-12"><div class="vc_column-inner"><div class="wpb_wrapper"><div class="vc_empty_space"   style="height: 30px"><span class="vc_empty_space_inner"></span></div></div></div></div></div><div class="vc_row wpb_row vc_row-fluid"><div class="wpb_column vc_column_container vc_col-sm-6"><div class="vc_column-inner"><div class="wpb_wrapper">
	<div class="wpb_text_column wpb_content_element" >
		<div class="wpb_wrapper">
			<p><span style="color: #1a428a;"><strong><span style="font-size: 18px; font-family: 'montserrat';">L'objectif principal de la chorale s'aligne sur la vision et la mission plus larges de notre école, qui se concentrent sur:</span></strong></span></p>
<ul style="font-family: 'montserrat';">
<li><span style="font-size: 18px; color: #7d706d;">Favoriser la discipline, le sentiment d'appartenance et l'engagement.</span></li>
<li><span style="font-size: 18px; color: #7d706d;">Promouvoir le développement culturel et intellectuel.</span></li>
<li><span style="font-size: 18px; color: #7d706d;">Encourager la créativité et la collaboration par le travail d'équipe.</span></li>
<li><span style="font-size: 18px; color: #7d706d;"><span style="font-size: 18px;"><span style="font-size: 18px;">Developing and showcasing gifted and talented students</span></span></span></li>
</ul>
<p><span style="font-size: 18px; font-family: montserrat; color: #7d706d;">La chorale se réunit pour des répétitions deux fois par semaine afin de travailler sur le développement des compétences musicales, l'harmonie de groupe et la préparation des performances.</span></p>
<p><span style="font-size: 18px; font-family: montserrat; color: #7d706d;">À l’occasion de sa première grande prestation depuis sa réformation, notre chorale a fièrement participé au Concours des Chorales des Écoles Catholiques, remportant le premier prix parmi 14 écoles en compétition. Cet exploit a été d’autant plus souligné par l’attribution de deux distinctions spéciales : « Meilleure Chorale » et « Meilleur Chef de Chœur ».</span></p>
<p><span style="font-size: 18px; font-family: montserrat; color: #7d706d;">La chorale du CNDL joue un rôle essentiel dans l'amélioration de l'éducation musicale et offre de précieuses opportunités de croissance personnelle et d'enrichissement culturel.</span></p>

		</div>
	</div>
</div></div></div><div class="wpb_column vc_column_container vc_col-sm-6"><div class="vc_column-inner"><div class="wpb_wrapper">
	<div  class="wpb_single_image wpb_content_element vc_align_left wpb_content_element  image-borderRadius">
		
		<figure class="wpb_wrapper vc_figure">
			<div class="vc_single_image-wrapper   vc_box_border_grey"><img decoding="async" class="vc_single_image-img" src="https://www.cndl.edu.lb/wp-content/uploads/2025/07/CNDL-Choir-scaled-600x600.jpg" width="600" height="600" alt="" title="" loading="lazy" /></div>
		</figure>
	</div>
</div></div></div></div><div class="vc_row wpb_row vc_row-fluid"><div class="wpb_column vc_column_container vc_col-sm-12"><div class="vc_column-inner"><div class="wpb_wrapper"><div class="vc_empty_space"   style="height: 30px"><span class="vc_empty_space_inner"></span></div></div></div></div></div><div class="vc_row wpb_row vc_row-fluid"><div class="wpb_column vc_column_container vc_col-sm-12"><div class="vc_column-inner"><div class="wpb_wrapper"><div class="vc_empty_space"   style="height: 15px"><span class="vc_empty_space_inner"></span></div></div></div></div></div>
</div>

CNDL Choir “Collège Notre Dame de Louaizé Choir” was re-established in the academic year 2023-2024 after a five-year pause due to unforeseen circumstances. The choir currently consists of 35 singers [...]
