{"id":4009,"date":"2025-03-12T15:51:11","date_gmt":"2025-03-12T15:51:11","guid":{"rendered":"https:\/\/cndl.edu.lb\/?page_id=4009"},"modified":"2025-09-23T14:15:54","modified_gmt":"2025-09-23T11:15:54","slug":"ed-tech","status":"publish","type":"page","link":"https:\/\/www.cndl.edu.lb\/fr\/ed-tech\/","title":{"rendered":"EdTech"},"content":{"rendered":"<div class=\"wpb-content-wrapper\"><div class=\"vc_row wpb_row vc_row-fluid vc_custom_1741170853585 vc_row-has-fill\"><div class=\"wpb_column vc_column_container vc_col-sm-12\"><div class=\"vc_column-inner\"><div class=\"wpb_wrapper\"><div class=\"vc_separator wpb_content_element vc_separator_align_center vc_sep_width_100 vc_sep_shadow vc_sep_border_width_2 vc_sep_pos_align_center vc_custom_1748511794335 wpb_content_element line-seperator-edtech wpb_animate_when_almost_visible wpb_slideInLeft slideInLeft vc_separator-has-text\" ><span class=\"vc_sep_holder vc_sep_holder_l\"><span style=\"color:#1A428A;\" class=\"vc_sep_line\"><\/span><\/span><h4>EdTech au CNDL<\/h4><span class=\"vc_sep_holder vc_sep_holder_r\"><span style=\"color:#1A428A;\" class=\"vc_sep_line\"><\/span><\/span>\n<\/div><\/div><\/div><\/div><\/div><div class=\"vc_row wpb_row vc_row-fluid\"><div class=\"wpb_animate_when_almost_visible wpb_fadeInRightBig fadeInRightBig wpb_column vc_column_container vc_col-sm-12\"><div class=\"vc_column-inner\"><div class=\"wpb_wrapper\">\n\t<div class=\"wpb_text_column wpb_content_element wpb_animate_when_almost_visible wpb_slideInRight slideInRight\" >\n\t\t<div class=\"wpb_wrapper\">\n\t\t\t<p><span style=\"color: #7d706d; font-size: 18px;\">Le D\u00e9partement de Technologie \u00c9ducative et d'Innovation au Coll\u00e8ge Notre Dame de Louaiz\u00e9 s'engage \u00e0 transformer l'enseignement et l'apprentissage par l'int\u00e9gration strat\u00e9gique de la technologie. En dotant les \u00e9ducateurs et les apprenants d'outils num\u00e9riques de pointe, de m\u00e9thodologies innovantes et de programmes de formation, nous veillons \u00e0 ce que notre institution reste \u00e0 l'avant-garde de l'\u00e9ducation du 21e si\u00e8cle.<\/span><\/p>\n\n\t\t<\/div>\n\t<\/div>\n<div class=\"vc_empty_space\"   style=\"height: 5px\"><span class=\"vc_empty_space_inner\"><\/span><\/div>\n\t<div class=\"wpb_text_column wpb_content_element\" >\n\t\t<div class=\"wpb_wrapper\">\n\t\t\t<p><span style=\"font-size: 18px; color: #7d706d;\">Cr\u00e9er un environnement d'apprentissage enrichi par la technologie o\u00f9 les apprenants d\u00e9veloppent la culture num\u00e9rique, la pens\u00e9e critique et les comp\u00e9tences en innovation afin de r\u00e9ussir dans un monde en constante \u00e9volution, et \u00e9tablir un syst\u00e8me \u00e9ducatif pr\u00eat pour l\u2019avenir, int\u00e9grant l\u2019apprentissage interactif, l\u2019enseignement hybride et les outils num\u00e9riques pour autonomiser \u00e0 la fois les \u00e9ducateurs et les apprenants.<\/span><\/p>\n\n\t\t<\/div>\n\t<\/div>\n<div class=\"vc_empty_space\"   style=\"height: 5px\"><span class=\"vc_empty_space_inner\"><\/span><\/div>\n\t<div class=\"wpb_text_column wpb_content_element\" >\n\t\t<div class=\"wpb_wrapper\">\n\t\t\t<p><span style=\"font-size: 18px; color: #7d706d;\">Le D\u00e9partement de Technologie \u00c9ducative et d'Innovation se consacre \u00e0 la cr\u00e9ation d'exp\u00e9riences d'apprentissage interactives, engageantes et ax\u00e9es sur la technologie. Gr\u00e2ce \u00e0 une innovation continue, des partenariats strat\u00e9giques et un d\u00e9veloppement professionnel, nous fa\u00e7onnons l'avenir de l'\u00e9ducation au Coll\u00e8ge Notre Dame de Louaiz\u00e9.<span class=\"c-message__edited_label\" dir=\"ltr\" data-sk=\"tooltip_parent\">\u00a0<\/span><\/span><\/p>\n\n\t\t<\/div>\n\t<\/div>\n<div class=\"vc_empty_space\"   style=\"height: 20px\"><span class=\"vc_empty_space_inner\"><\/span><\/div><\/div><\/div><\/div><\/div><div class=\"vc_row wpb_row vc_row-fluid\"><div class=\"wpb_animate_when_almost_visible wpb_fadeInLeft fadeInLeft wpb_column vc_column_container vc_col-sm-6\"><div class=\"vc_column-inner\"><div class=\"wpb_wrapper\"><div class=\"vc_empty_space\"   style=\"height: 10px\"><span class=\"vc_empty_space_inner\"><\/span><\/div>\n\t<div  class=\"wpb_single_image wpb_content_element vc_align_left wpb_content_element  image-borderRadius\">\n\t\t\n\t\t<figure class=\"wpb_wrapper vc_figure\">\n\t\t\t<div class=\"vc_single_image-wrapper   vc_box_border_grey\"><img decoding=\"async\" class=\"vc_single_image-img\" src=\"https:\/\/www.cndl.edu.lb\/wp-content\/uploads\/2025\/07\/Edthech-4-scaled.jpg\" width=\"2560\" height=\"1707\" alt=\"\" title=\"\" loading=\"lazy\" \/><\/div>\n\t\t<\/figure>\n\t<\/div>\n<\/div><\/div><\/div><div class=\"wpb_animate_when_almost_visible wpb_fadeInRight fadeInRight wpb_column vc_column_container vc_col-sm-6\"><div class=\"vc_column-inner\"><div class=\"wpb_wrapper\">\n\t<div class=\"wpb_text_column wpb_content_element wpb_animate_when_almost_visible wpb_fadeIn fadeIn\" >\n\t\t<div class=\"wpb_wrapper\">\n\t\t\t<p><span style=\"color: #1a428a; font-size: 18px;\"><strong>Contact:<\/strong><\/span><\/p>\n<ul>\n<li><span style=\"font-size: 17px; color: #7d706d;\"><strong data-start=\"73\" data-end=\"93\">Email \/ Contact:<\/strong> <a class=\"decorated-link cursor-pointer\" style=\"color: #7d706d;\" rel=\"noopener\" data-start=\"94\" data-end=\"117\">cndl.edtech@cndl.edu.lb<\/a>; ext.241<\/span><\/li>\n<li><span style=\"font-size: 17px; color: #7d706d;\"><strong data-start=\"131\" data-end=\"153\">Consultant EdTech:<\/strong> Mr. Elie Saab<\/span><\/li>\n<li><span style=\"font-size: 17px; color: #7d706d;\"><strong data-start=\"172\" data-end=\"195\">Chef de d\u00e9partement:<\/strong> Sami El-Haddad<\/span><\/li>\n<li><span style=\"font-size: 17px; color: #7d706d;\"><strong data-start=\"241\" data-end=\"270\">Technologue \u00e9ducatif:<\/strong> Rym Nassar<\/span><\/li>\n<li><span style=\"font-size: 17px; color: #7d706d;\"><strong data-start=\"311\" data-end=\"323\">Membres:<\/strong> Gilberte Trad; Marie Maalouf<\/span><\/li>\n<\/ul>\n\n\t\t<\/div>\n\t<\/div>\n<div class=\"vc_separator wpb_content_element vc_separator_align_center vc_sep_width_100 vc_sep_pos_align_center vc_separator_no_text vc_sep_color_black wpb_content_element  wpb_content_element wpb_animate_when_almost_visible wpb_fadeInRightBig fadeInRightBig wpb_animate_when_almost_visible wpb_fadeInRightBig fadeInRightBig\" ><span class=\"vc_sep_holder vc_sep_holder_l\"><span class=\"vc_sep_line\"><\/span><\/span><span class=\"vc_sep_holder vc_sep_holder_r\"><span class=\"vc_sep_line\"><\/span><\/span>\n<\/div>\n\t<div class=\"wpb_text_column wpb_content_element wpb_animate_when_almost_visible wpb_fadeInLeft fadeInLeft\" >\n\t\t<div class=\"wpb_wrapper\">\n\t\t\t<p><span style=\"color: #000000; font-size: 18px;\"><strong><span style=\"color: #1a428a;\">Services<\/span>:<\/strong><\/span><\/p>\n<ul>\n<li><span style=\"font-size: 17px; color: #7d706d;\">Formation des enseignants et d\u00e9veloppement professionnel ainsi que soutien \u00e0 la conception des programmes<\/span><\/li>\n<li><span style=\"font-size: 17px; color: #7d706d;\">Innovation centr\u00e9e sur l\u2019\u00e9tudiant et adoption &amp; int\u00e9gration des outils num\u00e9riques \u00e9ducatifs<\/span><\/li>\n<li><span style=\"font-size: 17px; color: #7d706d;\">Soutien \u00e0 la d\u00e9cision bas\u00e9 sur les donn\u00e9es, communication et documentation<\/span><\/li>\n<li><span style=\"font-size: 17px; color: #7d706d;\">Soutien \u00e0 l\u2019accr\u00e9ditation et \u00e0 la planification strat\u00e9gique, consultation et accompagnement personnalis\u00e9 des enseignants<\/span><\/li>\n<li><span style=\"font-size: 17px; color: #7d706d;\">Intelligence artificielle dans l\u2019\u00e9ducation et d\u00e9veloppement du programme STEAM &amp; \u00e9v\u00e9nements<\/span><\/li>\n<\/ul>\n\n\t\t<\/div>\n\t<\/div>\n<\/div><\/div><\/div><\/div><div class=\"vc_row wpb_row vc_row-fluid\"><div class=\"wpb_column vc_column_container vc_col-sm-12\"><div class=\"vc_column-inner\"><div class=\"wpb_wrapper\"><div class=\"vc_empty_space\"   style=\"height: 20px\"><span class=\"vc_empty_space_inner\"><\/span><\/div><\/div><\/div><\/div><\/div>\n<\/div>","protected":false},"excerpt":{"rendered":"EdTech At CNDL The Educational Technology &amp; Innovation Department at Coll\u00e8ge Notre Dame de Louaiz\u00e9 is committed to transforming teaching and learning through the strategic integration of technology. By equipping [...]","protected":false},"author":1,"featured_media":0,"parent":0,"menu_order":0,"comment_status":"closed","ping_status":"closed","template":"","meta":{"footnotes":""},"class_list":["post-4009","page","type-page","status-publish","hentry"],"_links":{"self":[{"href":"https:\/\/www.cndl.edu.lb\/fr\/wp-json\/wp\/v2\/pages\/4009","targetHints":{"allow":["GET"]}}],"collection":[{"href":"https:\/\/www.cndl.edu.lb\/fr\/wp-json\/wp\/v2\/pages"}],"about":[{"href":"https:\/\/www.cndl.edu.lb\/fr\/wp-json\/wp\/v2\/types\/page"}],"author":[{"embeddable":true,"href":"https:\/\/www.cndl.edu.lb\/fr\/wp-json\/wp\/v2\/users\/1"}],"replies":[{"embeddable":true,"href":"https:\/\/www.cndl.edu.lb\/fr\/wp-json\/wp\/v2\/comments?post=4009"}],"version-history":[{"count":32,"href":"https:\/\/www.cndl.edu.lb\/fr\/wp-json\/wp\/v2\/pages\/4009\/revisions"}],"predecessor-version":[{"id":6665,"href":"https:\/\/www.cndl.edu.lb\/fr\/wp-json\/wp\/v2\/pages\/4009\/revisions\/6665"}],"wp:attachment":[{"href":"https:\/\/www.cndl.edu.lb\/fr\/wp-json\/wp\/v2\/media?parent=4009"}],"curies":[{"name":"wp","href":"https:\/\/api.w.org\/{rel}","templated":true}]}}

<div class="wpb-content-wrapper"><div class="vc_row wpb_row vc_row-fluid vc_custom_1741170853585 vc_row-has-fill"><div class="wpb_column vc_column_container vc_col-sm-12"><div class="vc_column-inner"><div class="wpb_wrapper"><div class="vc_separator wpb_content_element vc_separator_align_center vc_sep_width_100 vc_sep_shadow vc_sep_border_width_2 vc_sep_pos_align_center vc_custom_1748511794335 wpb_content_element line-seperator-edtech wpb_animate_when_almost_visible wpb_slideInLeft slideInLeft vc_separator-has-text" ><span class="vc_sep_holder vc_sep_holder_l"><span style="color:#1A428A;" class="vc_sep_line"></span></span><h4>EdTech au CNDL</h4><span class="vc_sep_holder vc_sep_holder_r"><span style="color:#1A428A;" class="vc_sep_line"></span></span>
</div></div></div></div></div><div class="vc_row wpb_row vc_row-fluid"><div class="wpb_animate_when_almost_visible wpb_fadeInRightBig fadeInRightBig wpb_column vc_column_container vc_col-sm-12"><div class="vc_column-inner"><div class="wpb_wrapper">
	<div class="wpb_text_column wpb_content_element wpb_animate_when_almost_visible wpb_slideInRight slideInRight" >
		<div class="wpb_wrapper">
			<p><span style="color: #7d706d; font-size: 18px;">Le Département de Technologie Éducative et d'Innovation au Collège Notre Dame de Louaizé s'engage à transformer l'enseignement et l'apprentissage par l'intégration stratégique de la technologie. En dotant les éducateurs et les apprenants d'outils numériques de pointe, de méthodologies innovantes et de programmes de formation, nous veillons à ce que notre institution reste à l'avant-garde de l'éducation du 21e siècle.</span></p>

		</div>
	</div>
<div class="vc_empty_space"   style="height: 5px"><span class="vc_empty_space_inner"></span></div>
	<div class="wpb_text_column wpb_content_element" >
		<div class="wpb_wrapper">
			<p><span style="font-size: 18px; color: #7d706d;">Créer un environnement d'apprentissage enrichi par la technologie où les apprenants développent la culture numérique, la pensée critique et les compétences en innovation afin de réussir dans un monde en constante évolution, et établir un système éducatif prêt pour l’avenir, intégrant l’apprentissage interactif, l’enseignement hybride et les outils numériques pour autonomiser à la fois les éducateurs et les apprenants.</span></p>

		</div>
	</div>
<div class="vc_empty_space"   style="height: 5px"><span class="vc_empty_space_inner"></span></div>
	<div class="wpb_text_column wpb_content_element" >
		<div class="wpb_wrapper">
			<p><span style="font-size: 18px; color: #7d706d;">Le Département de Technologie Éducative et d'Innovation se consacre à la création d'expériences d'apprentissage interactives, engageantes et axées sur la technologie. Grâce à une innovation continue, des partenariats stratégiques et un développement professionnel, nous façonnons l'avenir de l'éducation au Collège Notre Dame de Louaizé.<span class="c-message__edited_label" dir="ltr" data-sk="tooltip_parent"> </span></span></p>

		</div>
	</div>
<div class="vc_empty_space"   style="height: 20px"><span class="vc_empty_space_inner"></span></div></div></div></div></div><div class="vc_row wpb_row vc_row-fluid"><div class="wpb_animate_when_almost_visible wpb_fadeInLeft fadeInLeft wpb_column vc_column_container vc_col-sm-6"><div class="vc_column-inner"><div class="wpb_wrapper"><div class="vc_empty_space"   style="height: 10px"><span class="vc_empty_space_inner"></span></div>
	<div  class="wpb_single_image wpb_content_element vc_align_left wpb_content_element  image-borderRadius">
		
		<figure class="wpb_wrapper vc_figure">
			<div class="vc_single_image-wrapper   vc_box_border_grey"><img decoding="async" class="vc_single_image-img" src="https://www.cndl.edu.lb/wp-content/uploads/2025/07/Edthech-4-scaled.jpg" width="2560" height="1707" alt="" title="" loading="lazy" /></div>
		</figure>
	</div>
</div></div></div><div class="wpb_animate_when_almost_visible wpb_fadeInRight fadeInRight wpb_column vc_column_container vc_col-sm-6"><div class="vc_column-inner"><div class="wpb_wrapper">
	<div class="wpb_text_column wpb_content_element wpb_animate_when_almost_visible wpb_fadeIn fadeIn" >
		<div class="wpb_wrapper">
			<p><span style="color: #1a428a; font-size: 18px;"><strong>Contact:</strong></span></p>
<ul>
<li><span style="font-size: 17px; color: #7d706d;"><strong data-start="73" data-end="93">Email / Contact:</strong> <a class="decorated-link cursor-pointer" style="color: #7d706d;" rel="noopener" data-start="94" data-end="117">cndl.edtech@cndl.edu.lb</a>; ext.241</span></li>
<li><span style="font-size: 17px; color: #7d706d;"><strong data-start="131" data-end="153">Consultant EdTech:</strong> Mr. Elie Saab</span></li>
<li><span style="font-size: 17px; color: #7d706d;"><strong data-start="172" data-end="195">Chef de département:</strong> Sami El-Haddad</span></li>
<li><span style="font-size: 17px; color: #7d706d;"><strong data-start="241" data-end="270">Technologue éducatif:</strong> Rym Nassar</span></li>
<li><span style="font-size: 17px; color: #7d706d;"><strong data-start="311" data-end="323">Membres:</strong> Gilberte Trad; Marie Maalouf</span></li>
</ul>

		</div>
	</div>
<div class="vc_separator wpb_content_element vc_separator_align_center vc_sep_width_100 vc_sep_pos_align_center vc_separator_no_text vc_sep_color_black wpb_content_element  wpb_content_element wpb_animate_when_almost_visible wpb_fadeInRightBig fadeInRightBig wpb_animate_when_almost_visible wpb_fadeInRightBig fadeInRightBig" ><span class="vc_sep_holder vc_sep_holder_l"><span class="vc_sep_line"></span></span><span class="vc_sep_holder vc_sep_holder_r"><span class="vc_sep_line"></span></span>
</div>
	<div class="wpb_text_column wpb_content_element wpb_animate_when_almost_visible wpb_fadeInLeft fadeInLeft" >
		<div class="wpb_wrapper">
			<p><span style="color: #000000; font-size: 18px;"><strong><span style="color: #1a428a;">Services</span>:</strong></span></p>
<ul>
<li><span style="font-size: 17px; color: #7d706d;">Formation des enseignants et développement professionnel ainsi que soutien à la conception des programmes</span></li>
<li><span style="font-size: 17px; color: #7d706d;">Innovation centrée sur l’étudiant et adoption &amp; intégration des outils numériques éducatifs</span></li>
<li><span style="font-size: 17px; color: #7d706d;">Soutien à la décision basé sur les données, communication et documentation</span></li>
<li><span style="font-size: 17px; color: #7d706d;">Soutien à l’accréditation et à la planification stratégique, consultation et accompagnement personnalisé des enseignants</span></li>
<li><span style="font-size: 17px; color: #7d706d;">Intelligence artificielle dans l’éducation et développement du programme STEAM &amp; événements</span></li>
</ul>

		</div>
	</div>
</div></div></div></div><div class="vc_row wpb_row vc_row-fluid"><div class="wpb_column vc_column_container vc_col-sm-12"><div class="vc_column-inner"><div class="wpb_wrapper"><div class="vc_empty_space"   style="height: 20px"><span class="vc_empty_space_inner"></span></div></div></div></div></div>
</div>

EdTech At CNDL The Educational Technology &amp; Innovation Department at Collège Notre Dame de Louaizé is committed to transforming teaching and learning through the strategic integration of technology. By equipping [...]
